 + 5. Determine d(-2).
-31
Let q(j) = -9*j**3 - j**2 - 2*j - 1. Determine q(-1).
9
Let l(k) = -k**3 + 5*k**2 - 8*k + 4. Calculate l(3).
-2
Let v(o) = o**3 + 2*o**2 - 4*o + 2. Determine v(-4).
-14
Let u(g) = -2*g**2 + 10*g + 12. Calculate u(5).
12
Let w(h) = -h**3 + 11*h**2 + 4*h - 4. What is w(11)?
40
Let c(k) = k + 20. Determine c(-31).
-11
Let r(c) = 20*c**3 - c - 1. What is r(-1)?
-20
Let r(q) = -q**2 + 5*q + 12. Calculate r(6).
6
Let s(f) = -10*f - 13. What is s(-2)?
7
Let b(r) = 35*r**3 - r - 1. Calculate b(-1).
-35
Let t(i) = -i**3 + 9*i**2 - 6*i - 24. Determine t(8).
-8
Let l(g) = 34*g - 17. Calculate l(6).
187
Let o(z) = 4*z - 20. What is o(3)?
-8
Let t(g) = -g**3 - 5*g**2 + 4*g + 3. Give t(-5).
-17
Let g(a) = -4*a + 1. Calculate g(-3).
13
Let n(x) = x**3 - 13*x**2 + 10*x + 27. What is n(12)?
3
Let f(h) = h**3 - 12*h**2 + 2*h + 9. What is f(12)?
33
Let j(v) = -12*v**3 + 2*v + 1. What is j(-1)?
11
Let r(n) = n**3 + 2*n**2 - 9*n - 9. Calculate r(-4).
-5
Let t(m) = m**2 - m - 1. Determine t(-2).
5
Let j(o) = o**3 + 4*o**2 - 5. Calculate j(-4).
-5
Let l(t) = -2*t**2 + 2*t - 7. Determine l(3).
-19
Let b(t) = t - 1. What is b(15)?
14
Let n(v) = v**2 - 19*v + 66. Calculate n(15).
6
Let z(n) = -n**2 + 8*n + 8. Calculate z(7).
15
Let s(f) = -f**2 - 5*f. What is s(-6)?
-6
Let m(y) = y**3 - 16*y**2 + 34*y - 44. Determine m(14).
40
Let v(m) = 9*m - 15. Determine v(12).
93
Let f(l) = 6*l - 28. Determine f(7).
14
Let h(z) = -z**3 + 8*z**2 - 11*z + 7. What is h(7)?
-21
Let d(g) = g**3 + 3*g**2 + 2*g - 1. What is d(-5)?
-61
Let l(p) = 50*p**2 + p + 2. Give l(-1).
51
Let o(k) = 2*k**2 + 26*k + 98. Calculate o(-7).
14
Let n(y) = -y**3 + 12*y**2 - y + 1. Calculate n(12).
-11
Let r(k) = 6*k - 31. Determine r(12).
41
Let r(q) = -19*q**3 - q**2 + q - 1. Determine r(1).
-20
Let l(y) = 5*y**2 - 4*y - 5. Calculate l(-2).
23
Let k(t) = -t**3 + 5*t**2 - t - 6. What is k(5)?
-11
Let l(m) = 7*m**2 - 1. Calculate l(-2).
27
Let z(g) = 2*g**3 + g**2 - 26*g - 6. Determine z(-5).
-101
Let o(w) = 37*w - 49. Determine o(3).
62
Let z(f) = -3*f**3 - 14*f**2 - 10*f - 8. What is z(-4)?
0
Let q(z) = -2*z**3 + 4*z**2 - 2*z - 7. Give q(5).
-167
Let b(p) = p**2 + p + 9. Give b(0).
9
Let n(v) = -v**2 - 2*v + 2. Determine n(-10).
-78
Let q(p) = -3*p**2 - 9. Give q(4).
-57
Let g(v) = -v**2 - 22*v + 233. Give g(8).
-7
Let u(b) = b**3 - 10*b**2 + b - 7. What is u(10)?
3
Let k(h) = -h**2 + 13*h + 37. Calculate k(17).
-31
Let i(m) = -m**2 + 8. Determine i(-3).
-1
Let j(m) = 2*m + 42. Determine j(-19).
4
Let v(n) = -2*n**2 - n - 3. Give v(-3).
-18
Let w(b) = b**3 - 9*b**2 + 17*b + 1. Calculate w(8).
73
Let b(c) = 2*c - 1. What is b(-8)?
-17
Let p(q) = 7*q - 1. What is p(1)?
6
Let k(f) = -19*f**3 + f**2 - 2. Calculate k(1).
-20
Let h(m) = m**3 + 14*m**2 - 13*m + 35. Give h(-15).
5
Let f(u) = -u**3 + 9*u**2 - 14*u - 4. Determine f(7).
-4
Let r(p) = -p - 3. Give r(-12).
9
Let a(u) = u**2 - 19*u - 23. Calculate a(16).
-71
Let x(i) = i**3 - 5*i**2 - 8*i + 11. Determine x(6).
-1
Let b(o) = o**2 - o + 19. What is b(0)?
19
Let p(z) = z**2 - 50*z + 284. Calculate p(6).
20
Let o(s) = s**3 - 26*s**2 + 2*s - 72. Determine o(26).
-20
Let b(d) = -2*d**3 + 11*d**2 - 6*d + 5. Determine b(5).
0
Let v(s) = s**2 - s + 1. What is v(-2)?
7
Let b(l) = -l**2 - 3. Determine b(4).
-19
Let z(a) = a**3 + 4*a**2 - 13*a - 6. What is z(-6)?
0
Let w(n) = -16*n + 4. Determine w(0).
4
Let s(f) = f**3 + f**2 + 3*f + 83. Calculate s(0).
83
Let m(n) = -n**2 + 15*n - 16. Calculate m(14).
-2
Let m(v) = v**3 + 7*v**2 - 7*v + 1. Determine m(-8).
-7
Let o(l) = 16*l - 1. What is o(-2)?
-33
Let k(b) = b**2 - 3*b - 116. What is k(0)?
-116
Let d(k) = -k**3 + 5*k**2 - 3*k - 5. What is d(3)?
4
Let m(c) = -29*c + 190. Determine m(6).
16
Let g(x) = -x**3 - 5*x**2 + 12*x - 13. Calculate g(-7).
1
Let m(u) = u**3 + 7*u**2 - 11*u + 1. Give m(-8).
25
Let i(b) = -b**2 + b + 23. What is i(0)?
23
Let y(a) = 154*a - 3. What is y(0)?
-3
Let y(f) = -f**2 + f + 1. Calculate y(3).
-5
Let o(c) = 13*c - 21. Give o(18).
213
Let l(i) = i - 19. Give l(7).
-12
Let o(a) = 2*a - 33. Calculate o(8).
-17
Let a(k) = -k**3 + 12*k**2 - 32*k + 19. Calculate a(8).
19
Let m(k) = -11*k + 4. Give m(11).
-117
Let s(a) = 2*a**2 - 7*a + 9. What is s(6)?
39
Let d(v) = -3*v**3 - 12*v**2 + 22. Give d(-5).
97
Let u(c) = -2*c**3 - 3*c**2 + 3*c - 2. Give u(-3).
16
Let b(g) = -g**2 + 6*g + 11. Calculate b(11).
-44
Let w(d) = d**3 + 14*d**2 + 27*d - 30. Determine w(-11).
36
Let d(g) = -20*g**2 + g - 1. Determine d(2).
-79
Let v(n) = -n**2 - 15*n + 82. Determine v(5).
-18
Let h(z) = z**2 + 2*z + 6. Determine h(-2).
6
Let m(a) = -22*a**3 + a**2 + a - 1. What is m(1)?
-21
Let p(l) = 15*l - 80. What is p(7)?
25
Let p(d) = -d**3 - 4*d**2 + 3*d - 11. What is p(-4)?
-23
Let n(v) = -3*v - 3. What is n(-2)?
3
Let f(w) = w**2 + 2*w - 4. What is f(-3)?
-1
Let g(m) = -m**2 + 6*m - 3. Determine g(6).
-3
Let a(v) = v + 24. Calculate a(-5).
19
Let c(p) = -p**3 - 4*p**2 + 6*p + 24. Calculate c(-4).
0
Let j(t) = 2*t**2 - 32*t + 8. Give j(15).
-22
Let i(k) = k**2 + 49*k + 78. Give i(-47).
-16
Let k(x) = x**3 - 2*x**2 - x - 8. What is k(3)?
-2
Let m(h) = 6*h - 54. Give m(16).
42
Let z(v) = v**2 - 4*v - 2. Give z(4).
-2
Let f(l) = -l**2 + 4*l + 171. Calculate f(15).
6
Let o(y) = -3*y**3 - 2*y**2 - y. Determine o(-2).
18
Let s(a) = -a**3 - 21*a**2 - 4*a - 31. Determine s(-21).
53
Let m(h) = h**2 + 8*h - 5. What is m(-7)?
-12
Let r(v) = -v**3 - 25*v**2 - 28*v - 97. Calculate r(-24).
-1
Let d(c) = -4*c + 17. Give d(8).
-15
Let a(s) = s**3 + 5*s**2 - 3*s + 7. Determine a(-6).
-11
Let b(y) = 4*y**2 - y. Give b(-2).
18
Let s(m) = -m**3 - 4*m**2 + 7*m + 14. Determine s(-5).
4
Let z(w) = w**3 - 10*w**2 + 14*w + 25. What is z(8)?
9
Let b(s) = -9*s - 9. What is b(-6)?
45
Let p(v) = 2*v + 5. Determine p(-7).
-9
Let h(t) = 106*t - 9. What is h(1)?
97
Let h(z) = 2*z + 51. What is h(-20)?
11
Let m(v) = v**3 - 4*v**2 + v + 14. What is m(3)?
8
Let q(y) = -y**2 - 9*y - 5. What is q(-8)?
3
Let i(z) = -z**3 + 3*z**2 + 15*z + 2. Calculate i(6).
-16
Let d(i) = i**3 - 8*i**2 + 6*i + 19. Give d(8).
67
Let x(f) = 2*f**3 - 7*f**2 - 4*f + 9. Determine x(6).
165
Let w(k) = -k**3 - 12*k**2. What is w(-12)?
0
Let z(o) = -7*o + 105. Give z(16).
-7
Let l(h) = -2*h**2 + 12*h + 10. Give l(7).
-4
Let m(k) = k**3 + 8*k**2 + 10*k + 6. Calculate m(-7).
-15
Let z(h) = 2*h**3 + 22*h**2 + 18*h - 24. Calculate z(-10).
-4
Let b(l) = -2*l**3 - 21*l**2 - 11*l + 17. Determine b(-10).
27
Let w(b) = 2*b**2 - 17*b + 16. Give w(7).
-5
Let q(m) = -3*m + 10. Determine q(5).
-5
Let i(f) = -5*f - 100. What is i(-20)?
0
Let z(n) = n**3 + 5*n**2 - 3*n - 8. What is z(-3)?
19
Let m(j) = j**3 + 21*j**2 + 54*j + 11. What is m(-18)?
11
Let y(k) = 8*k + 20. Give y(-5).
-20
Let q(m) = 6*m. Determine q(1).
6
Let z(i) = -i**2 + 8*i - 8. Give z(0).
-8
Let j(l) = l**3 - 8*l**2 + 12*l + 15. Give j(6).
15
Let c(s) = -3*s + 3. Determine c(7).
-18
Let k(w) = 2*w**2 - 87*w - 51. Determine k(44).
-7
Let l(u) = u**2 + 8*u + 17. What is l(-5)?
2
Let h(i) = 6*i - 25. Calculate h(18).
83
Let j(d) = -d - 8. What is j(-6)?
-2
Let w(z) = -z**2 - 4*z + 7. What is w(5)?
-38
Let v(h) = -115*h - 1385. Calculate v(-12).
-5
Let p(t) = t**3 + 7*t**2 + 8*t - 12. What is p(-5)?
-2
Let s(c) = c**2 + 3*c - 1. Calculate s(-4).
3
Let v(u) = -2*u - 66. Give v(-29).
-8
Let r(a) = 6*a - 12. Give r(13).
66
Let r(u) = -102*u + 504. Calculate r(5).
-6
Let x(m) = -m**3 + 7*m**2 - 12*m. Give x(5).
-10
Let a(l) = -5*l**3 - 2*l**2 - 18*l + 20. What is a(1)?
-5
Let q(c) = -8*c + 2. Calculate q(-2).
18
Let n(q) = -q**3 + 6*q**2 - 2*q + 14. Determine n(6).
2
Let m(i) = i**2 - 6*i - 6. What is m(-1)?
1
Let o(b) = 29*b. Determine o(2).
58
Let p(x) = -38*x - 116. Give p(-3).
-2
Let a(f) = -10*f**2 - 2. Give a(-2).
-42
Let x(t) = -3*t**2 - 2*t + 1. Determine x(-4).
-39
Let m(q) = q**3 + 3*q**2 + q - 12. Determine m(-7).
-215
Let p(f) = f**3 - 2*f**2 - 4*f + 21. Give p(0).
21
Let n(p) = -3*p - 26. What is n(-13)?
13
Let b(g) = -12*g - 12. Give b(7).
-96
Let k(f) = f**3 - 11*f**2 + 28*f + 3. Calculate k(4).
3
Let m(h) = 42*h + 1668. Calculate m(-40).
-12
Let h(z) = z**3 + 5*z**2 + 2*z + 7. Calculate h(-4).
15
Let y(i) = i**3 + 12*i**2 - 27*i + 16. Determine y(-14).
2
Let p(m) = -m**3 - 16*m**2 + 11*